)?
3
Suppose -3*l + 169 + 23 = -i, 5*l = 2*i + 384. What is the units digit of i/4*(-15)/9?
0
Let j be 0 + 4/(-14) - 37/(-7). Suppose -4*b + b - 290 = -2*x, j*x - 2*b - 747 = 0. What is the hundreds digit of x?
1
Suppose -3*a - 27 = -2*n, 3*n - 4*a + 20 = 5*n. Suppose 2 = -2*z + n. Suppose -3*m = -z*m + 90. What is the units digit of m?
5
Suppose -12 = 4*n - 32. Suppose -8*x + 117 = -n*x. What is the units digit of x?
9
Let y(z) be the first derivative of 4*z**3/3 - z**2 + 3*z + 8. What is the units digit of y(-4)?
5
Let u(z) = -17*z - 4. Let g be u(-3). Let q = g - 42. What is the units digit of q?
5
Let n(a) = -a**3 - 9*a**2 + 11*a + 8. Let z be n(-10). Let x be -7 + (1/(-1) - z). What is the units digit of 1*57/x*-2?
9
Suppose k - 5*n = 207, -5*k - 5*n = -3*k - 414. What is the units digit of k?
7
Suppose v - 313 = 2. Let j = v + -225. What is the units digit of j?
0
Suppose 0 = 2*o + 19 - 23. Suppose 3 + o = h. Suppose 0 = h*n + 20, -n - 48 = -z - 3*n. What is the units digit of z?
6
Let m be -291 - ((-26)/7 + 6/(-21)). Let z = 507 + m. What is the hundreds digit of z?
2
Let u be (1*-1)/(9/1179). What is the tens digit of u*(-3 + 4/2)?
3
Suppose 9303 + 210 = 7*i. What is the units digit of i/12 - (-2)/(-8)?
3
Let x(t) = -3*t**3 + 2*t**2 + t. Let i be x(-1). Let h be (-9)/3 - 0 - -10. Suppose d + i*v = h*v + 14, 3 = -3*v. What is the units digit of d?
1
Suppose 3*o = -5*a + 9242, -o + 6691 + 2553 = 5*a. What is the hundreds digit of a?
8
Let j = -223 - -458. What is the units digit of j?
5
Suppose -m - 15 = -4*m. Suppose -3*z + 3 = 0, -a - 2*a + m*z = -85. What is the tens digit of a?
3
Suppose 0 = 3*q + 155 + 226. Let t = 249 + q. Suppose 6*i + 32 = t. What is the units digit of i?
5
Suppose -5*x + 2*t + 4828 = 0, 243*x + 3*t = 239*x + 3844. What is the units digit of x?
4
Let y(i) = -i**3 - i**2 + i + 570. Let u be y(0). Let k be ((-72)/(-90))/(2/u). Suppose 8*b - 12*b = -k. What is the tens digit of b?
5
Let m(d) = d**2 + 7*d - 4. Let n be m(-7). Let t(i) = -18*i + 4. Let l be t(n). Suppose 4*b + 0*b = l. What is the tens digit of b?
1
Let a = -7 - -15. Suppose -2*d + 6*d + a = 0. What is the units digit of d/(4/(-6)) + 36?
9
Let p = -5 - -15. Let l = p - 12. What is the units digit of (-50)/l + -6 + 7?
6
Let y = 4 - 0. Let x = 10 - y. What is the tens digit of (-4)/x + 47/3?
1
Let h = -3 + 3. Suppose -4*g = 3*a - 30, -a - 5 - 1 = -4*g. What is the tens digit of a*((-5)/(-2) + h)?
1
Let i = 5291 - 2056. What is the units digit of i?
5
Suppose -5118 = -5*y + 4*b, 0 = y + 2*b - 5*b - 1028. What is the hundreds digit of y?
0
Let k = 62 + -55. Suppose -4*b + 176 = 3*s, -3*b + k*b - 228 = -4*s. What is the units digit of s?
2
Let r(k) = -5*k + 8. Let s be r(1). Let i = -7 - -9. Suppose -116 = -i*t - s*q, 2*q + 0*q = 5*t - 271. What is the units digit of t?
5
Let k = -372 - -695. Suppose -2*y + 5*i = -k, 2*i = 3*y - 0*i - 501. What is the hundreds digit of y?
1
Suppose 0 = 5*i + t + 347, 60 = -2*i - 4*t - 68. Let a = i - -171. Suppose -5*b = -139 - a. What is the tens digit of b?
4
Let m(x) be the first derivative of x**4/4 - 13*x**3/3 + x**2/2 - x - 130. Suppose 4*t - 8 = 3*t - v, -v = 5. What is the units digit of m(t)?
2
Suppose 4*r + 10 = -6, -r = 5*m - 3386. What is the units digit of m?
8
Let j be 4 - (-60)/(-16) - (-15902)/8. Suppose -j = -9*o - 152. What is the units digit of o?
4
Let l = -4581 - -7186. What is the hundreds digit of l?
6
Let n(u) = u**3 + 10*u**2 + 10*u + 14. Let h be 138/(-15) + 3/15. What is the units digit of n(h)?
5
Suppose 0*i + 4*i = 88. Suppose 3*f + w - 87 = -0*w, -4*f - 4*w + 124 = 0. Let h = f - i. What is the units digit of h?
6
Let u(d) be the second derivative of 2*d**3/3 - 45*d**2/2 + 11*d. What is the units digit of u(18)?
7
Let q(i) = i**3 - 18*i**2 + 17*i + 1. Let y be q(17). What is the units digit of y/4*2 + (-201)/(-6)?
4
Suppose 0 = -2*y + 5*y. Suppose p + 6 - 11 = y. Suppose -4*h + 6*h = -3*u + 49, 0 = p*h - 5*u - 60. What is the tens digit of h?
1
Let v = 87 - 80. Suppose 0 = -v*y - 6*y + 2717. What is the units digit of y?
9
Suppose 4*m - 124 = 2*b, -47 = -3*m + 4*b + 56. Let o = m + 46. What is the tens digit of o?
7
Suppose -4*d + 9 = -3*d. Let o(b) = -b**2 - 11*b + 14. Let a be o(-12). Suppose i = 5*h - 48, 2*h + i + a*i - d = 0. What is the units digit of h?
9
What is the thousands digit of (-4)/14 - 65565/(-35)?
1
Let n = -5260 - -10943. What is the units digit of n?
3
What is the hundreds digit of (-182196)/(-243) - 4/(-18)?
7
Let k = 1335 - 532. What is the tens digit of k?
0
Let s = -16 - -13. What is the units digit of ((0 - -4) + s)*38?
8
Suppose -5*o + 46 + 9 = 0. Suppose -580 = z - o*z. What is the tens digit of z?
5
Suppose -4*k = -3*k - 5*c - 552, 4*c = -2*k + 1118. Let g = k + -385. What is the hundreds digit of g?
1
Let q be 392/20 - (-9)/(-15). Suppose -3*k - u + 8 = -39, k = -u + q. Let f(a) = a**2 - 11*a + 15. What is the units digit of f(k)?
7
Suppose 12008 + 1330 = 27*u. What is the units digit of u?
4
Let g = 84 - 79. Suppose -4*s + 600 = 3*y, -g*s - y + 2*y + 769 = 0. What is the units digit of s?
3
Let z(c) be the first derivative of 14*c**3 + c**2/2 + 2. Suppose 8*f + 5 = 3*f. What is the tens digit of z(f)?
4
Suppose -n + 1849 = -0*n + 5*u, 5*n - 9245 = 3*u. What is the tens digit of n?
4
Suppose 0*f + 790 = 5*f - 5*u, -475 = -3*f + 4*u. What is the hundreds digit of f?
1
Suppose 105*y - 164*y = -135818. What is the hundreds digit of y?
3
Suppose -3*g - 5*c = -633, 3*g - 4*c + 222 = 882. What is the hundreds digit of g?
2
Let g = -2 - -129. Let p = g - 19. What is the tens digit of p?
0
Let i be (-3 + -1)/4 - -1. Suppose i = -s + 35 + 18. What is the units digit of s?
3
Let l = 603 + -418. What is the hundreds digit of l?
1
Let k be (1001/39)/((-2)/(-6)). Let y = -113 + k. Let v = y + 50. What is the units digit of v?
4
Let y(z) = 13*z**3 - 3*z**2 + 17*z + 15. Let n(s) = 7*s**3 - s**2 + 9*s + 8. Let c(v) = 11*n(v) - 6*y(v). What is the tens digit of c(6)?
1
Suppose 7 = -8*j - 9. What is the units digit of (-6)/j + -10 + 8?
1
Let d = 788 - -370. What is the units digit of d?
8
Let u(r) = 7*r - 23. Suppose 0 = 6*j - 4*j - 14. What is the units digit of u(j)?
6
Suppose -35*i + 39*i - 18516 = 0. What is the units digit of i?
9
Let o(x) = -x - 5. Let c be o(-7). Suppose 0 = b - 4*v - 49, -3*v = -3*b + c*b + 45. What is the tens digit of b/2 - 3/6?
1
Let o be ((-10)/4)/(2/(-52)). Let k = o + -29. What is the units digit of (-5)/(-10)*(k + 0)?
8
Let y = 13 + -9. Suppose y*s - 4 - 16 = 0. Let q = s - 1. What is the units digit of q?
4
Let c(k) = k**3 + k**2 - 3*k + 17. Let h be c(0). Suppose -h*t + 320 = -12*t. What is the units digit of t?
4
Let k(d) = 7*d**2 + 12*d + 20. What is the tens digit of k(-6)?
0
Suppose 11*x = -9 + 42. Suppose -3*z - 785 = -2*f - x*f, -f - 4*z = -157. What is the units digit of f?
7
Suppose 0*i - 25 = -5*i, 5*q + 4*i - 35 = 0. Suppose 2*a - 146 = -q*a + 4*z, -3*a + 87 = -3*z. What is the units digit of a?
0
Let g(d) = d**3 + 15*d**2 + 19*d - 9. Suppose -4*x = 5*a + 52, 3*a = -a. What is the units digit of g(x)?
2
Let u = -39 + 44. Suppose -a + u*n + 38 = -30, -2*a - n + 81 = 0. What is the units digit of a?
3
What is the tens digit of 6/(-15)*((-12)/3 + -1021)?
1
Let d = 39 + -35. What is the units digit of d/26 - (-8593)/169?
1
Suppose -26*f + 24*f = -498. Suppose -5*t - 366 = -5*d + f, 3*t - 119 = -d. What is the units digit of d?
2
Let n be 3 - (15 + -9) - -17*1. Suppose 38*k - 36*k = n. What is the units digit of k?
7
Let v = 12 + -12. What is the tens digit of (-91)/2*(v - 6 - -4)?
9
Let k = -136 + 399. What is the tens digit of k?
6
Suppose 3*a - 6*a = -3*b + 453, 4*b - 604 = -a. What is the hundreds digit of b?
1
Suppose 17*r - 6440 - 1788 = 0. What is the tens digit of r?
8
Let a be (7/(-21))/((-1)/18). Let y = a + 18. What is the tens digit of y?
2
Let q(t) = 56*t**3 - t**2 + t - 1. Let z(n) = 2*n - 15. Let s be z(8). What is the tens digit of q(s)?
5
Suppose 0 = 485*h - 478*h - 6146. What is the tens digit of h?
7
Suppose 4*j - 1 = 2*z + 1, 2*z - 12 = -3*j. Suppose -j*l = -124 - 54. Suppose -3*k + 0*b + 4*b + l = 0, -4*b = -5*k + 143. What is the units digit of k?
7
Let j(t) = 7*t**3 + t**2. Let v be j(-3). What is the units digit of 